{"id":15,"date":"2025-01-23T13:03:19","date_gmt":"2025-01-23T12:03:19","guid":{"rendered":"https:\/\/deadcrow.de\/?page_id=15"},"modified":"2025-01-23T13:03:20","modified_gmt":"2025-01-23T12:03:20","slug":"impressum","status":"publish","type":"page","link":"https:\/\/deadcrow.de\/index.php\/impressum\/","title":{"rendered":"Impressum"},"content":{"rendered":"\n<p><strong>Inhaber und verantwortlich f\u00fcr diese Seite:<\/strong><\/p>\n\n\n\n<p><strong>Adresse<\/strong><\/p>\n\n\n\n<p><strong>Dead Crow<\/strong> <strong>Club<\/strong><\/p>\n\n\n\n<p>Inhaber Stefan Birghan<\/p>\n\n\n\n<p><strong>Whiskey, Rum<\/strong>, <strong>Gin &amp; Spirituosen<\/strong><\/p>\n\n\n\n<p>Ursulinenring 15<\/p>\n\n\n\n<p>84419 Schwindegg<\/p>\n\n\n\n<p>Deutschland<\/p>\n\n\n\n<p><strong>E-Mail<\/strong><\/p>\n\n\n\n<p>stefan@deadcrow.de<\/p>\n\n\n\n<p><strong>Verantwortlich f\u00fcr den Inhalt i.S.d. Presserechts nach \u00a7 55 Abs. 2 RStV:<\/strong><br>Stefan Birghan<br>Ursulinenring 15<br>84419 Schwindegg<br>&nbsp;<\/p>\n\n\n\n<p><strong>Haftungsausschluss:<\/strong><\/p>\n\n\n\n<p><strong>Haftung f\u00fcr Inhalte<\/strong><\/p>\n\n\n\n<p>Die Inhalte unserer Seiten wurden mit gr\u00f6\u00dfter Sorgfalt erstellt. Allerdings k\u00f6nnen wir f\u00fcr die Richtigkeit, Vollst\u00e4ndigkeit und Aktualit\u00e4t der Inhalte keine Gew\u00e4hr \u00fcbernehmen. Nach \u00a7\u00a7 8 bis 10 TMG sind wir als Dienstanbieter nicht verpflichtet, \u00fcbermittelte oder gespeicherte fremde Informationen zu \u00fcberwachen oder nach Umst\u00e4nden zu forschen, die auf eine rechtswidrige T\u00e4tigkeit hindeuten. Die Verpflichtung zur Entfernung oder Sperrung der Nutzung von Informationen nach den allgemeinen Gesetzen bleiben hiervon unber\u00fchrt. Eine dementsprechende Haftung ist jedoch erst ab dem Zeitpunkt der Kenntnis einer konkreten Rechtsverletzung m\u00f6glich. Bei Inkenntnisnahme von entsprechenden Rechtsverletzungen werden wir diese Inhalte umgehend entfernen.<\/p>\n\n\n\n<p><strong>Haftung f\u00fcr Links<\/strong><\/p>\n\n\n\n<p>Unser Angebot enth\u00e4lt Links zu externen Webseiten Dritter, auf deren Inhalte wir keinen Einfluss haben. Aus diesem Grund k\u00f6nnen wir f\u00fcr diese fremden Inhalte auch keine Gew\u00e4hr \u00fcbernehmen. F\u00fcr die Inhalte der verlinkten Seiten ist immer der jeweilige Anbieter oder Betreiber der Seiten verantwortlich. Rechtswidrige Inhalte waren zum Zeitpunkt der Verlinkung nicht ersichtlich. Bei Bekanntwerden von Rechtsverletzungen werden wir solche Links umgehend entfernen.<\/p>\n\n\n\n<p><strong>Urheberrecht<\/strong><\/p>\n\n\n\n<p>Die erstellten Inhalte und Werke auf diesen Seiten unterliegen dem deutschen Urheberrecht. Die Vervielf\u00e4ltigung, Bearbeitung, Verbreitung und sonstige Art der Verwertung au\u00dferhalb der Grenzen des Urheberrechtes bed\u00fcrfen der schriftlichen Zustimmung. Downloads, Kopien oder Reproduktionen (inklusive das Ausdrucken) dieser Webseite sind nur f\u00fcr den nicht kommerziellen Gebrauch gestattet. Inhalte auf dieser Seite, die nicht vom Betreiber erstellt wurden, werden als Urheberrechte Dritter beachtet. Sollten Sie trotzdem auf eine Urheberrechtsverletzung aufmerksam werden, bitten wir um einen entsprechenden Hinweis. Bei Bekanntwerden von Rechtsverletzungen werden wir derartige Inhalte sogleich entfernen.<\/p>\n\n\n\n<p><strong>Online-Streitbeilegung gem\u00e4\u00df Art. 14 Abs. 1 ODR-VO:<\/strong><\/p>\n\n\n\n<p>Beschwerdeverfahren via Online-Streitbeilegung f\u00fcr Verbraucher (OS):&nbsp;<a href=\"http:\/\/ec.europa.eu\/consumers\/odr\/\">http:\/\/ec.europa.eu\/consumers\/odr\/<\/a>.&nbsp;Wir sind nicht bereit und nicht verpflichtet an einem Streitbeilegungsverfahren vor einer Verbraucherschlichtungsstelle teilzunehmen.<\/p>\n","protected":false},"excerpt":{"rendered":"<p>Inhaber und verantwortlich f\u00fcr diese Seite: Adresse Dead Crow Club Inhaber Stefan Birghan Whiskey, Rum, Gin &amp; Spirituosen Ursulinenring 15 84419 Schwindegg Deutschland E-Mail stefan@deadcrow.de &hellip;<\/p>\n","protected":false},"author":1,"featured_media":0,"parent":0,"menu_order":0,"comment_status":"closed","ping_status":"closed","template":"","meta":{"footnotes":""},"class_list":["post-15","page","type-page","status-publish","hentry"],"_links":{"self":[{"href":"https:\/\/deadcrow.de\/index.php\/wp-json\/wp\/v2\/pages\/15","targetHints":{"allow":["GET"]}}],"collection":[{"href":"https:\/\/deadcrow.de\/index.php\/wp-json\/wp\/v2\/pages"}],"about":[{"href":"https:\/\/deadcrow.de\/index.php\/wp-json\/wp\/v2\/types\/page"}],"author":[{"embeddable":true,"href":"https:\/\/deadcrow.de\/index.php\/wp-json\/wp\/v2\/users\/1"}],"replies":[{"embeddable":true,"href":"https:\/\/deadcrow.de\/index.php\/wp-json\/wp\/v2\/comments?post=15"}],"version-history":[{"count":1,"href":"https:\/\/deadcrow.de\/index.php\/wp-json\/wp\/v2\/pages\/15\/revisions"}],"predecessor-version":[{"id":16,"href":"https:\/\/deadcrow.de\/index.php\/wp-json\/wp\/v2\/pages\/15\/revisions\/16"}],"wp:attachment":[{"href":"https:\/\/deadcrow.de\/index.php\/wp-json\/wp\/v2\/media?parent=15"}],"curies":[{"name":"wp","href":"https:\/\/api.w.org\/{rel}","templated":true}]}}